est common factor of 365 and 31755?
365
Calculate the highest common factor of 21 and 48.
3
What is the highest common factor of 105 and 385?
35
What is the greatest common divisor of 106 and 278?
2
Calculate the highest common divisor of 28 and 308.
28
Calculate the greatest common factor of 60 and 465.
15
What is the highest common factor of 126 and 9054?
18
Calculate the greatest common divisor of 270 and 297.
27
Calculate the greatest common factor of 120 and 192.
24
Calculate the highest common factor of 2910 and 97.
97
What is the highest common divisor of 20 and 40?
20
Calculate the greatest common divisor of 104 and 468.
52
Calculate the greatest common divisor of 187 and 34.
17
Calculate the highest common divisor of 400 and 125.
25
What is the greatest common factor of 7612 and 44?
44
Calculate the highest common divisor of 446 and 669.
223
What is the greatest common divisor of 18 and 18729?
9
Calculate the highest common factor of 96 and 76.
4
What is the greatest common divisor of 1333 and 62?
31
What is the highest common divisor of 1027 and 169?
13
What is the greatest common divisor of 2 and 11?
1
What is the highest common factor of 68 and 170?
34
Calculate the highest common factor of 35 and 189.
7
What is the greatest common factor of 308 and 4081?
77
Calculate the greatest common divisor of 13333 and 201.
67
What is the greatest common divisor of 455 and 325?
65
What is the greatest common divisor of 55 and 88?
11
What is the highest common divisor of 5984 and 17?
17
Calculate the greatest common factor of 7024 and 16.
16
Calculate the highest common factor of 36 and 81.
9
What is the greatest common factor of 132 and 12?
12
What is the highest common factor of 96 and 1248?
96
Calculate the highest common factor of 2220 and 150.
30
What is the greatest common divisor of 2356 and 152?
76
What is the greatest common factor of 2128 and 224?
112
What is the greatest common divisor of 498 and 6?
6
What is the highest common divisor of 61 and 61?
61
What is the highest common divisor of 100 and 475?
25
What is the highest common divisor of 12 and 246?
6
Calculate the highest common factor of 24 and 636.
12
Calculate the greatest common factor of 1440 and 3816.
72
Calculate the greatest common factor of 171 and 63.
9
What is the greatest common factor of 660 and 18?
6
Calculate the highest common factor of 110 and 8.
2
What is the greatest common divisor of 260 and 325?
65
Calculate the greatest common divisor of 704 and 2508.
44
What is the greatest common factor of 17 and 34?
17
What is the highest common divisor of 56 and 8988?
28
What is the greatest common divisor of 1210 and 920?
10
What is the highest common divisor of 152 and 48640?
152
Calculate the greatest common divisor of 13 and 481.
13
Calculate the greatest common factor of 7720 and 80.
40
Calculate the greatest common factor of 1085 and 217.
217
Calculate the highest common factor of 444 and 11692.
148
Calculate the greatest common factor of 143 and 109967.
143
Calculate the highest common factor of 1390 and 20.
10
What is the highest common divisor of 216 and 513?
27
What is the greatest common factor of 885 and 15?
15
What is the greatest common factor of 688 and 43?
43
What is the greatest common divisor of 60 and 40?
20
What is the highest common divisor of 15 and 89145?
15
What is the greatest common divisor of 1886 and 41?
41
What is the highest common factor of 217 and 93?
31
What is the greatest common factor of 15 and 810?
15
Calculate the greatest common divisor of 238 and 11390.
34
Calculate the greatest common factor of 2330 and 180.
10
Calculate the greatest common factor of 126 and 9786.
42
What is the highest common factor of 1885 and 65?
65
What is the greatest common factor of 70 and 230?
10
What is the greatest common divisor of 153 and 17?
17
What is the greatest common divisor of 20 and 75?
5
Calculate the highest common factor of 2 and 272.
2
What is the highest common divisor of 1616 and 16?
16
Calculate the greatest common divisor of 1281 and 1113.
21
Calculate the highest common divisor of 7501 and 91.
13
Calculate the greatest common factor of 84 and 2436.
84
Calculate the greatest common factor of 128 and 54.
2
Calculate the highest common factor of 273 and 42.
21
What is the greatest common divisor of 19 and 931?
19
Calculate the highest common factor of 391 and 1819.
17
Calculate the highest common factor of 40 and 230.
10
Calculate the highest common factor of 1462 and 430.
86
Calculate the highest common factor of 6 and 678.
6
What is the greatest common factor of 15 and 6645?
15
What is the greatest common divisor of 51 and 51?
51
Calculate the greatest common divisor of 108 and 84.
12
Calculate the greatest common factor of 58 and 232.
58
What is the highest common factor of 132 and 252?
12
What is the highest common divisor of 1295 and 35?
35
Calculate the highest common divisor of 48 and 592.
16
Calculate the highest common factor of 45 and 480.
15
What is the highest common factor of 880 and 16?
16
Calculate the greatest common divisor of 24 and 346.
2
Calculate the highest common divisor of 2464 and 42.
14
Calculate the greatest common factor of 72 and 3807.
9
Calculate the highest common factor of 3666 and 156.
78
What is the highest common divisor of 50 and 5225?
25
Calculate the greatest common divisor of 4176 and 144.
144
What is the highest common divisor of 40 and 400?
40
What is the greatest common factor of 1000 and 3100?
100
Calculate the highest common divisor of 66 and 24.
6
What is the greatest common divisor of 240 and 152?
8
Calculate the greatest common divisor of 204 and 1326.
102
Calculate the greatest common factor of 78 and 520.
26
What is the greatest common divisor of 120 and 1656?
24
Calculate the greatest common divisor of 115 and 2875.
115
Calculate the highest common factor of 192 and 132.
12
Calculate the greatest common factor of 126 and 1314.
18
Calculate the highest common divisor of 72 and 372.
12
Calculate the greatest common divisor of 22 and 517.
11
What is the greatest common factor of 221 and 39?
13
Calculate the highest common divisor of 50 and 366.
2
What is the greatest common factor of 1990 and 10?
10
Calculate the highest common factor of 7716 and 108.
12
What is the greatest common factor of 26 and 871?
13
What is the greatest common divisor of 456 and 285?
57
What is the highest common factor of 22 and 6?
2
Calculate the highest common divisor of 49 and 25529.
49
What is the highest common factor of 200 and 825?
25
What is the greatest common divisor of 20 and 51440?
20
Calculate the greatest common divisor of 576 and 1872.
144
What is the highest common divisor of 627 and 198?
33
Calculate the greatest common factor of 2359 and 7.
7
Calculate the highest common factor of 50 and 800.
50
Calculate the greatest common divisor of 10595 and 260.
65
Calculate the greatest common divisor of 8 and 124.
4
What is the highest common divisor of 525 and 75?
75
What is the highest common divisor of 10293 and 141?
141
What is the greatest common factor of 1304 and 16?
8
Calculate the greatest common factor of 7 and 973.
7
Calculate the highest common divisor of 67 and 2479.
67
Calculate the greatest common factor of 80 and 10.
10
Calculate the highest common factor of 3 and 192.
3
What is the highest common factor of 135 and 55?
5
What is the highest common divisor of 127 and 48641?
127
Calculate the highest common factor of 8742 and 279.
93
What is the greatest common factor of 110 and 680?
10
What is the greatest common factor of 72 and 48?
24
Calculate the highest common factor of 6 and 1014.
6
Calculate the highest common factor of 25956 and 54.
18
What is the highest common factor of 80 and 13360?
80
Calculate the greatest common divisor of 97 and 10573.
97
What is the highest common divisor of 1225 and 2275?
175
What is the greatest common factor of 345 and 210?
15
Calculate the greatest common factor of 40 and 32.
8
What is the greatest common factor of 65 and 403?
13
Calculate the greatest common divisor of 16 and 216.
8
What is the highest common divisor of 26372 and 76?
76
What is the highest common divisor of 1188 and 48?
12
What is the greatest common divisor of 1 and 25?
1
What is th